2, 41
Suppose -5 = -3*f - 4*h, 2*f + 14*h + 6 = 9*h. Suppose -4*v + 675 = -3*c, c = f*v - 4*v - 510. List the prime factors of v.
3, 19
What are the prime factors of (-998)/((-11)/(22 + 0))?
2, 499
Let r be (2 + -3)*(-2 + 2). List the prime factors of 4/1 - (-91 + r).
5, 19
Suppose b + 0*b = 35. Suppose -3*l - 2*l = -b. Let o = l - 5. What are the prime factors of o?
2
Suppose 4*k + 5*u + 25 = 0, k + 2*u = 3*k + 26. Let x be (-3)/(42/k)*7. Suppose x*i - 40 - 225 = 0. List the prime factors of i.
53
Suppose m + 3 = 0, -2*c = 3*m + 427 - 9466. List the prime factors of c.
2, 3, 13, 29
Suppose 1 = 3*f - 5. Let n(u) = 20*u - 4. Let s be n(f). Suppose y = -5*y + s. List the prime factors of y.
2, 3
Let k be 5112/(-16) - 1/2. What are the prime factors of 3/(-9) + k/(-6)?
53
Let d = 633 + 254. What are the prime factors of d?
887
Let o(b) = b**3 - 5*b**2 + 3*b - 12. Let z be o(5). Suppose -x - 3*v = -265, -2*x + 1000 = 2*x - z*v. What are the prime factors of x?
11, 23
Suppose 4*d = k + 5, 25 = -2*k - k + 2*d. Suppose 2*m + 104 = 5*c, -2*c + 3*m + 41 = 2*m. Let o = k + c. List the prime factors of o.
13
Suppose 0 = m + m - 184. Suppose 5*t - a = 2*a + m, a + 84 = 5*t. What are the prime factors of t?
2
Suppose 2*g = -z, 3*z - 7 = g + 7*z. Suppose 22 = m - g. Let k = 47 - m. List the prime factors of k.
2, 3
Suppose -27 - 3 = 5*m. What are the prime factors of (-328)/(-12) - 4/m?
2, 7
Let f = -655 - -1035. List the prime factors of f.
2, 5, 19
Let h(s) = 5*s + 49. Let n(x) = 2*x**3 - x**2 + 7*x - 10. Let v be n(2). List the prime factors of h(v).
3, 43
Let s(c) = -8*c**3 - c**2 + 14*c + 68. What are the prime factors of s(-5)?
7, 139
Let v(d) = d**2 - 11*d + 3. Let t be v(11). Suppose 12 = 3*w, t*n = -n + w + 296. Suppose n = 4*m - 37. What are the prime factors of m?
2, 7
Let h(o) be the second derivative of o**4/6 - 2*o**3/3 - 3*o**2 + 36*o. Let t = -3 + -1. List the prime factors of h(t).
2, 3, 7
Let i(s) = -s + 17. Let g be i(14). Let l = g + -32. Let p = l + 51. List the prime factors of p.
2, 11
Let v be 3 - -1*(-12)/(-2). Suppose -29 = -10*c - v. What are the prime factors of (-2 - -32) + (5 - c)?
3, 11
Let o(t) = -t + 2. Let l be o(2). Suppose 5*z = -2*a + 73, 0 = -2*a - 4*z - l*z + 72. List the prime factors of a.
2, 17
Let p = 11 + -4. Let j be (-12960)/(-84) - 2/p. Suppose -3*g + 97 = 5*h, 5*g + 3*h = 13 + j. What are the prime factors of g?
2, 17
Suppose -4*y - 4 = 4*p, -2*p - 6 = 3*y - 3. List the prime factors of (3615/(-60))/(y/4).
241
List the prime factors of 54/90 + 2432/5.
487
Let l(f) = 2*f + 5. Let k be l(0). Suppose -2*w = -k*w + 72. Suppose w = 6*c - 4*c. List the prime factors of c.
2, 3
Suppose -77*v + 74*v - 5*z = -7587, 3*z - 2533 = -v. List the prime factors of v.
2, 631
Let n(t) = 6*t + 3. Let v = -3 - 2. Let d be n(v). List the prime factors of ((-90)/(-4))/(d/(-36)).
2, 3, 5
Let i(d) = 48*d**2 - 47*d**2 - 8 - 4*d - d. Let v be i(7). Suppose 0 = -v*g - 0*g + 42. What are the prime factors of g?
7
Let t(x) be the third derivative of -1/60*x**5 + 0*x + 3/2*x**3 + 0 + 6*x**2 - 1/24*x**4 + 1/120*x**6. What are the prime factors of t(0)?
3
Let a(r) = -r**2 + 21*r + 27. Let c be a(13). Suppose c = 2*f - 59. List the prime factors of f.
5, 19
Let o(b) = b**3 + 7*b**2 + 13*b + 23. What are the prime factors of o(9)?
2, 359
Let o(d) = 2*d**2 + 5*d + 15. Let f be o(-6). Suppose 0 = 7*l - 10*l + 3*g + f, 15 = 3*g. What are the prime factors of l?
2, 3
Suppose 7*b - 4*b = 0. Suppose b + 2 = v. Suppose 4*q - v = 6. List the prime factors of q.
2
List the prime factors of 1 - 1 - 4 - 217404/(-81).
2, 5, 67
Suppose -3*f - 19 = -5*b, -f = 5*b - 4*b - 7. Let t = b + 8. Suppose 0 = 3*w - 2*c - t, -5*c = -w - 3*w + 22. List the prime factors of w.
3
Let d(a) = 26*a**3 - a**2 + 5*a - 1. What are the prime factors of d(2)?
3, 71
Let n(r) = -r. Let v(m) = -12*m - 10. Let x(l) = 6*n(l) + v(l). Let o be x(5). Let d = -37 - o. List the prime factors of d.
3, 7
Let t = -1396 + 2492. List the prime factors of t.
2, 137
Suppose -5*p - 5*s + 250 = 0, -5*s = -4*p + p + 182. List the prime factors of p.
2, 3
Let c be (-5)/(11 - 1)*0. Suppose 4*j = -0*r - 2*r + 244, 9 = 3*j. Suppose 5*q - r - 114 = c. What are the prime factors of q?
2, 23
Let f(u) = -2*u**2 + 17*u + 17. Let o = 14 - 6. What are the prime factors of f(o)?
5
Suppose -j = 2*p - 31, 5*p + 8*j - 85 = 3*j. Let u = -11 + p. Suppose u*h = -4*g + 91, -4*h + 66 = 5*g - 56. What are the prime factors of h?
3, 11
Let g(s) = s**3 + 19*s**2 - 27*s + 9. Let q be g(-20). Suppose -2*k - 5 + q = 0. What are the prime factors of k?
2, 3
Let f be 10*((-13)/3)/(6/(-9)). Let c = f + 19. What are the prime factors of c?
2, 3, 7
Let p = 776 - 537. What are the prime factors of p?
239
Let a(q) = q**3 + 12*q**2 + 10*q - 1. Suppose -3*h + 8*h = 20. Suppose h*y - 6*c + 19 = -c, 2*y = -2*c - 32. What are the prime factors of a(y)?
2, 5
Let m = 1049 + -732. What are the prime factors of m?
317
List the prime factors of -5 + (-8552)/(-40)*5.
2, 7, 19
Let f(c) be the third derivative of 8*c**5/3 - c**4/24 - c**3/3 - 12*c**2. List the prime factors of f(-1).
3, 53
Let f(p) = 38*p**2 + 3*p + 17. List the prime factors of f(-6).
1367
Suppose 3*m = 5*m. Suppose -d + t + 87 = m, -3*t - 345 = -4*d - 0*d. What are the prime factors of d?
2, 3, 7
Suppose 5*u - 4*i + 21 = -62, -67 = 5*u + 4*i. Let l(r) = -33*r - 48. Let o be l(-3). Let w = o + u. What are the prime factors of w?
2, 3
Let a = 16 + -17. Let x be -3 + (a - -5) + 36. List the prime factors of 18/6 + (x - -1).
41
Suppose 0 = 4*q + k - 4227, 16*k + 2091 = 2*q + 21*k. What are the prime factors of q?
2, 23
Let u(g) = g**3 - g**2 + 4*g - 30. List the prime factors of u(6).
2, 3, 29
Let b = 5211 - 3122. List the prime factors of b.
2089
Let a(m) = -165*m - 4. List the prime factors of a(-10).
2, 823
List the prime factors of (-48)/(-36) + 85149/27.
5, 631
Let p be (215/(-15) + -4)*3. List the prime factors of 8/(-44) + (-4410)/p.
2, 5
Suppose -4*j + o = -9*j + 378, 234 = 3*j - 3*o. Suppose 0 = w - 10 + 52. Let y = j + w. What are the prime factors of y?
2, 17
Let a be (12/10)/(-5 + (-7806)/(-1560)). Let d = -177 + a. List the prime factors of d.
3, 5
Let p(f) = f**2 - 4*f - 18. What are the prime factors of p(16)?
2, 3, 29
Suppose -299*h = -296*h - 3423. What are the prime factors of h?
7, 163
Let f(v) = 10*v**2 - 12*v + 26. List the prime factors of f(8).
2, 3, 5, 19
Let l = 42 + -38. Suppose -l*o + 508 = -o + 5*u, -4*o + 670 = 3*u. What are the prime factors of o?
2, 83
Let m = 41 - 76. Let a be 77/m - 2/(-10). Let l(x) = 9*x**2 - x + 2. List the prime factors of l(a).
2, 5
Let d(j) = j**3 + 9*j**2 + 8*j - 10. Suppose -3*y - 12 = -4*o, -5*o = -5*y - 2 - 23. Let s = y - -1. List the prime factors of d(s).
2
Suppose -5*c + 1362 = m, 5*m - 5*c + 7*c - 6879 = 0. What are the prime factors of m?
3, 17
Let j be -3*-60*(-2)/9. Let g = 49 - j. What are the prime factors of g?
89
Let m = -31 + 43. Suppose 0 = -m*o + 1902 - 210. What are the prime factors of o?
3, 47
What are the prime factors of -6 + 329 + 0 + 3?
2, 163
Suppose -1585 = 17*x - 42096. What are the prime factors of x?
2383
Let j(r) = 4*r - 10 - 5*r + 0*r. Let y be j(-14). Suppose y*f = -17 + 129. What are the prime factors of f?
2, 7
Let r(f) = 16*f**2 + 13*f. What are the prime factors of r(-10)?
2, 3, 5, 7
Suppose -2*q - 4*s + 7 = 1, 3*s - 17 = q. What are the prime factors of (-2)/q - (-738)/30?
5
Suppose -5*d + 5*t + 1091 = -1704, -t = -1. Suppose 4*k = 5*i - d, 4*i + 44 = -2*k + 492. List the prime factors of i.
2, 7
Suppose 5*x - 50 = -5*x. Suppose 0*b = 2*b + 2*w - 336, x*w = -b + 180. What are the prime factors of b?
3, 5, 11
What are the prime factors of 3*11/165 - (-21279)/5?
2, 7, 19
Suppose 16 = 4*h - 144. Let z be (-4)/(-10) + h/25. Suppose -5*d + 4*f = -f - 155, z*f = -5*d + 183. What are the prime factors of d?
5, 7
Let y be (-2)/(-10) - 48/(-60). Let l be (-19)/y - (-10 - -7). Let h(n) = -n**2 - 18*n. List the prime factors of h(l).
2
Let f(i) = 24*i**2 - 9*i + 39. What are the prime factors of f(3)?
2, 3, 19
Let t be 1/(-2) - 565/10. Let f = t + 104. List the prime factors of f.
47
Let n(p) = -60*p - 342. List the prime factors of n(-7).
2, 3, 13
Suppose -2*q = -k - 3427, -21 = 3*k - 18. 